te 176 + (121 - (-39 + 267)).
69
What is the value of -31 + 0 + -4 + -31 + 34 + -98 + 105?
-25
Calculate -11 + (19 - 1) + (0 + 7 - (2 + -8)).
20
What is the value of 71 + -1 + -3 + -2001 + 2007?
73
What is 3 + 0 + -27 + -2 + (65 - 58)?
-19
Calculate (5 - 0) + (0 - -1) - (41 - 73 - 7).
45
-6 + -1 + (-15 - (-113 + 21)) + 6 + -2
74
-20 - -17 - -6 - (-44 + 92 + 2 + 1)
-48
-32 + 42 - (153 - 4) - -15 - (-1 + -1)
-122
Calculate 103 - (-8 - (4 + 16 + 0)).
131
-7 + -9 - (17 - (30 + -1))
-4
Calculate (-1 + -3 + 46 - (6 + -1)) + -2.
35
What is the value of (7 - (-7 + 3 + 1 - -105)) + (16 - 4)?
-83
Evaluate (2 + 175 - (17 - -3)) + -14 + 3 + -5.
141
Evaluate -1 + 51 - ((-91 - -82) + (3 - 8)).
64
Evaluate ((-2 - (13 - 5)) + 8 - -6 - 35) + 9.
-22
-16 - (20 + (-16 + 17 - 6))
-31
What is the value of (52 - 53 - (10 + 0 - 10)) + -48?
-49
-47 - -1 - (-70 - (-58 + 1))
-33
Evaluate -110 + -73 + 44 + 88.
-51
Evaluate 2 + 7 + (-5 - 2) - (-6 - -36 - -1).
-29
What is the value of (100 - 39 - (-63 - -137)) + (140 - 1)?
126
What is -14 + (-35 - (-15 - 2)) + 0?
-32
Calculate (-26 - (36 + -43) - 11) + 32.
2
(6 - -1 - (33 - 61)) + (10 - (16 - 5))
34
What is (21 - 13 - 18) + -15 + (-10 - -7)?
-28
What is the value of (-25 + 27 - (7 + -6)) + 13 + 2 + 6?
22
What is the value of -44 - (-23 - 78) - -13?
70
Evaluate -10 + (6 - (24 - 22)) + 42.
36
Evaluate -28 + 4 - (26 + (-34 - 69)).
53
Calculate -15 + (35 + -51 - (-13 + -7)).
-11
Calculate 11 + -13 + -15 + 60.
43
What is the value of -5 - (-14 - ((-45 - -15) + 13)) - 65?
-73
What is the value of -11 + (16 - 9) + (3 - (-6 - -9)) + 5?
1
Evaluate -19 + -8 + 168 + -196.
-55
Calculate -4 + (11 - (1 + -4)) + -33 - -3.
-20
-32 + (14 - 12 - -31) - (-19 - -3)
17
What is the value of 0 - (-2 + (-28 - -4) + -10)?
36
-30 + (-13 + 30 + -12 - -4)
-21
What is -5 + 2 + (29 + 6 - 0 - (3 + -10))?
39
What is (-8 + (-13 - -24) - -9) + -7 + -77 - 7?
-79
What is the value of 1 - (-28 - (0 + -22 + 13) - 8)?
28
What is -14 + (-94 - -27 - -46)?
-35
Calculate 1 - 6 - 1 - ((-120 - -46) + 14 + 112).
-58
-1340 + 1346 - (-4 - -3 - 5)
12
Evaluate 26 - -2 - 2 - (-1516 + 1564).
-22
What is -29 - (-34 - -8) - (6 + 18 + -11)?
-16
Calculate -68 - (4 - (26 + -24 + -8 + -3)).
-81
(83 - (-1 + 32)) + -33
19
What is the value of -65 + (9 - (-14 - (1 - (0 + 15))))?
-56
112 - 29 - (116 + -101)
68
Calculate 1 + 10 + (-594 - -594 - (-39 - (2 - 0))).
52
Evaluate -2 + 4 - -86 - ((28 - -100) + -113).
73
Evaluate -162 - (219 - 371) - (-1 + 21).
-30
Evaluate (2 + 8 + -5 - (37 + -43)) + -61.
-50
Calculate 67 + ((3 - -9 - 2) + -5 - 12).
60
What is ((2 - 3) + -1 - -11) + (2155 - 2156) - 24?
-16
What is -2 - (-26 - -22) - -19?
21
Evaluate 5 + (-17 - -7) + (16 + -36 - -17).
-8
Evaluate -24 - (144 + 25 + -88 + 42).
-147
Evaluate 26 + -58 + -6 + 61.
23
Calculate 86 + (60 - (29 + -7 + 19)).
105
Evaluate -160 - -268 - (3 - -4) - (-17 + -1 - -6).
113
44 + -50 + 7 + -8
-7
Calculate -50 + 2 + -2 + 7 + -4 + -1 + 7.
-41
Calculate -17 + (34 + 37 - 38).
16
What is 1 + -2 - (20 + -19 + -1 + -269 + 264)?
4
Calculate (6 - -24) + (12 - -64 - 50).
56
Evaluate -9 + -1 + -36 + (20 - 14) + 3.
-37
0 + 25 - (14 + -28 + 52)
-13
What is 4 + -1 + (-1 - (24 - 13)) - (4 + -50)?
37
What is 94 - ((4 - (33 + -39)) + -5 + -1 + -1)?
91
(9 - (-3 + -1 + 7) - (-47 - -44)) + -14
-5
What is the value of -5 + 9 + 98 + -37 + (74 - 25)?
114
What is the value of 30 - -1 - (1042 + -1035) - -8?
32
What is the value of 24 - -35 - 13 - 36?
10
What is the value of -42 + -36 - (3 - 34)?
-47
Calculate 0 - (-3 + 5) - (-4 + -1) - (-1105 - -1141).
-33
What is the value of -45 + (-27 - -5) + 32 - -20?
-15
Evaluate (-1531 - -1587) + 0 + -4 - -6.
58
What is the value of -343 - -301 - (-82 - 2)?
42
What is (20 - 69) + 64 + ((0 - -1) + 8 - 2)?
22
Evaluate -11 + 0 + 4 + -15 - -16.
-6
Evaluate (123 - 41) + -19 + 4 + -2.
65
Calculate (-119 - -25 - -106) + 36.
48
What is -2 + (-2 - (-3 - -62)) + 2264 + -2275?
-74
What is -1109 - -1239 - (0 - -115)?
15
-8 + 1 + 50 + -13 + -21 - 16 - 96
-103
What is the value of -5 + (-1 - -60) + (-1 - (-3 + -6))?
62
-2 - -2 - ((15 - (10 - -2)) + (-21 - 43))
61
Evaluate -1018 - -1022 - (-101 + 2 + -1) - -12.
116
Evaluate 5 + -16 + -8 + 15 + -18.
-22
1 + -35 + 48 + 33 + (1 - 2) + 0
46
Evaluate -1 + 76 + (9777 - 9772).
80
12 + (-9 - 85 - (-9 - -16)) + 21
-68
What is -14 - (-17 + (16 - 19 - -3) - -30)?
-27
(-3 - -14) + -6 + -151 - (-856 - -854)
-144
What is the value of -7 - (-21 + 0) - (-33 - -56)?
-9
(44 - -24) + -49 - -34
53
-42 + 0 + (-38 - 27 - -71)
-36
What is 7 - (-2 - (-65 - -53))?
-3
Evaluate 25 + -8 + 14 + (-21 - (-46 - -16)).
40
11 + 60 + 52 + -106
17
What is the value of -21 - 72 - (-447 - -430)?
-76
Calculate 17 - (-14 + (10 - (-7 + -14))).
0
33 - (22 + (57 - (4 - -30)))
-12
Calculate (843 - 775) + -32 + -1.
35
Calculate 11 + (7 + 0 - (185 + -182)) + -26.
-11
(70 - 23) + 11 - -16 - 19
55
Evaluate (11 - (-6 - (-1 + -155 + -6))) + 8 - -7.
-130
What is the value of (18 - 7) + -28 + 10 + -214 + 111?
-110
What is -1 + -17 - (13 + -59 + -55)?
83
Evaluate -27 + 4 - (-2 + 2) - (11 - (31 - 21)).
-24
(37 - (3 - -8)) + (-175 - -156)
7
What is -34 - 2 - (-103 + 66 - -49)?
-48
What is the value of (75 - 8) + 4 + -2 + (0 - (7 - 8))?
70
-2 + 50 + -64 + (-3 - (-49 - 1))
31
Evaluate -12 + (0 + -21 - (-422 - -402)) - 54.
-67
What is -24 + 3 - (-6 - (-3 - (-7 + 2) - 14))?
-27
What is the value of 64 - ((-1 - -1) + (-17 + 10 - -5) + -11)?
77
What is the value of 18 + (-19 - 27) - -13?
-15
(-2 - (-4 + 6)) + (-8 + 9 - (11 + -7))
-7
What is (-8 - (17 - 14)) + (6 - (0 + (-33 - 4)))?
32
10 - ((-30 - 12) + 75 - (-2 + 7))
-18
Evaluate 27 - (24 + (29 - (-5 + 6))).
-25
Calculate 7 + (-37 - (-78 + 21)).
27
(-13 - -58) + 4 + 0 + -17
32
What is -74 + -1 + (-1 - 25 - -11 - (-14 + 1))?
-77
Calculate -44 + 25 + 8 - (-2 - (14 - 8)).
-3
Calculate 31 + -146 + 64 - -27.
-24
What is 1 - (1 - -22) - (9 - -36 - 45)?
-22
Calculate -45 - (-7 - (-96 + 79)).
-55
What is -1 + -1 - (2323 - 2357 - (-34 - 0))?
-2
Calculate 4 - ((27 - -2 - 0 - 45) + (2 - 0)).
18
What is the value of 12 + (-19 - (-64 + 55 + -25) - (-73 - 0))?
100
What is (-194 - -161 - -51) + (-14 - -1)?
5
What is -72 + 90 + 63 + (2 - -38)?
121
80 + -324 + 314 + (2 - 1)
71
Calculate (117 - (-38 - -159)) + 1 + -54.
-57
Calculate -5 + (-5 - -7) - (-5 + -1) - 9 - -55.
49
222 - 288 - (-2 + -6)
-58
What is the value of 14 + (1 - (18 + -23 + (16 - 27)))?
31
Evaluate -210 + 231 + (-1 - 0 - -6).
26
Calculate -95 - (77 + -41 + -27).
-104
What is 50 + -24 + (-7 - (29 + -60))?
50
(49 - (-29 + -7)) + (-15 - -2)
72
Evaluate (-61 - -15 - -22) + -85 + 81.
-28
Calculate 52 + (65 + -115 - 28).
-26
What is 61 - 41 - -29 - 21?
28
16 + (32 - (19 + -40 + 17))
52
Evaluate 44 + (-96 - -190 - 45).
93
80 + -49 - 64 - -58
25
Calculate 42 + 9 + -34 + (0 - -12) + (0 - -2).
31
What is the value of (-95 - (-137 + 102)) + -9 + (-2 - -1)?
-70
Calculate -9 - (-124 + 94) - (-1 + -18).
40
Evaluate (69 + 76 - 158) + (-3 - -1) + -60.
-75
Evaluate 4113 + -3995 + (-162 - -5).
-39
What is 1 - 47 - 4 - (-5 + (10 - -5) + -11)?
-49
Evaluate 94 - (-2 + -17 + 0 - (-851 - -841)).
103
What is -6924 - -6898 - (-32 - 1)?
7
Evaluate (-7 + -19 + 109 - (-1 + -17)) + -7.
94
Calculate (21 + -44 + 22 - 1) + (-4 - 64).
-70
What is the value of (13 - 10) + (-7 - -6) + -2 - 12?
-12
Evaluate 0 + -67 + (97 - 22).
8
Calculate (8 + -29 - -20) + 12 + -44.
-33
Calculate -38 + (82 - 97) - 28.
-81
What is the value of 4 - (-19 + 45 + 11)?
-33
What is the value of 76 - ((-7 - 12) + 21 + 1 - -16)?
57
(3 + -4 + -3 + 1 - 61) + (-5 - -14)
-55
What is the value of (36 - -18 - 85) + 76?
45
Calculate -7 - -38 - (447 - 409).
-7
7 + (36 - (3 + (-1 - 0 - -14)))
27
Evaluate (74 - 1) + 0 + 0 + -28435 + 28424 - 9.
53
Evaluate 64 + (-13 + -27 - 17).
7
What is -52 + (91 - 157) - (-30 + 2)?
-90
What is (-25 - -22) + (43 - ((14 - 8) + 1))?
33
-1 + 0 + 34 - (-2696 - -2647)
82
What is the value of (-2 + 8 + -5 + (-35 - 2) - -9) + -4?
-31
-12 + 4 + 18 - ((1 - 5) + 38)
-24
(35 - (-12 - -4) - 16) + (-1 - 16)
10
Calculate (13873 - 13779) + (-1 - 147).
-54
Evaluate -632 + 611 + (-111 - 0) - -33.
-99
Evaluate -20 - (-9 + 19 + -23).
-7
(-4 + 8 - 7 - -25) + (2 - 0)
24
What is -1 - -19 - (63 + -51 - 12)?
18
What is -1 + (-32 - (-1 + (-3 - -4))) + -191 + 192?
-32
Calculat